Let x be (-3*16/(-6))/(-1). Let f be s(x). What are the prime factors of (f/3)/((-14)/21)?
11
Suppose 286*u + 14976 = 298*u. List the prime factors of u.
2, 3, 13
Let n be 4/(-4 - -5) + 161. Suppose 0*u - n = -2*l - u, l + u = 84. List the prime factors of l.
3
Let r(q) = -2*q + 11. Let j be r(6). Let w = 102 + j. What are the prime factors of w?
101
Suppose 0 = -13*y + 70 - 5. Suppose -y*q = 71 - 781. List the prime factors of q.
2, 71
Let m(y) = 26*y**2 + 2*y. Let h be m(-2). List the prime factors of (h/(-7))/((-2)/7).
2, 5
Suppose 3 = -3*r + 15. Suppose r = n + 32. What are the prime factors of (-2)/(-7) + (-440)/n?
2
Let k = -49 + 203. Let s = 253 - k. List the prime factors of s.
3, 11
Let q be 2*1/(-2)*-84. Let t = 140 - q. What are the prime factors of t?
2, 7
Let p = 0 + 3. Let m(w) = w**3 - w**2 + w + 2. Let y be m(3). Let o = y + p. List the prime factors of o.
2, 13
Let r = 52 + -25. Let p(f) = 3*f - 47*f**2 + 21*f**2 + r*f**2. What are the prime factors of p(-5)?
2, 5
Let d = -32 - -52. List the prime factors of (-3 + 52/d)*-115.
2, 23
Let u(n) = 3*n**2 - 12*n - 14. List the prime factors of u(-11).
13, 37
Suppose t = 6 - 5. Let o(n) = 43*n**2 + n. Let j be o(t). What are the prime factors of 2/(-2)*(2 - j)?
2, 3, 7
Let f(m) = 5*m**2 - 112*m - 49. List the prime factors of f(33).
2, 5, 17
Let f = -123 - -132. Suppose 5*j + 34 = 3*a, a - 5*j = -3*a + 37. Suppose -u + b - 9 = -4*b, -3*u = -a*b - f. List the prime factors of u.
2, 3
Suppose -4*b - 26 = -6*b. Suppose 60 = b*y - 12*y. List the prime factors of y.
2, 3, 5
Let d(n) = -211*n - 35. What are the prime factors of d(-2)?
3, 43
Suppose 5*w - 261 + 26 = 0. Suppose 3*q - 2*a = 56, w = 3*q - 2*q + 5*a. Suppose 0 = -4*j + u + q, 6*j - 33 = j + 4*u. What are the prime factors of j?
5
Suppose 0 = -92*y + 68*y + 68016. What are the prime factors of y?
2, 13, 109
What are the prime factors of ((-3)/2)/(4 + 12849/(-3210))?
5, 107
Suppose 0 = 45*b - 48*b + 9. Suppose -9*q = b*q - 948. What are the prime factors of q?
79
Let q(m) = -m**2 - 6*m - 6. Let w(r) = -r + 8. Let n be w(6). Let x be (-55)/10 - (-3)/n. List the prime factors of q(x).
2
Let z(w) = -w**2 + 7*w - 3. Let n be z(6). Suppose -n*b + 387 = 3*x, -x + b = x - 261. List the prime factors of x.
2, 5, 13
Let d(r) = -8*r + 1. Let c(v) = 23*v - 3. Let g(f) = 3*c(f) + 8*d(f). Let o be g(3). List the prime factors of o/(2/(2 - -2)).
2, 7
Let s(v) = -v**3 - 7*v**2 - 14*v - 7. Let n be s(-4). Let q = -5 - -3. List the prime factors of (-276)/(-8) - n/q.
5, 7
Suppose -4*w = x + 24 - 99, 2*w - 356 = -4*x. Suppose 3*y = -y + a + 149, -x = -2*y - 5*a. List the prime factors of y.
2, 19
Let t(x) = 1 - 8*x - 8*x - 8*x**3 + 7*x**3 + 17*x**2. Let z be t(16). List the prime factors of z/4 + 163/4.
41
Suppose 2*d = 14*j - 13*j + 444, -3*j - 444 = -2*d. What are the prime factors of d?
2, 3, 37
Suppose -18*b = -21*b. Suppose -10*s + 1289 - 239 = b. List the prime factors of s.
3, 5, 7
Let u(c) = c**2 + 15*c + 7. Let n be u(-15). What are the prime factors of (n/2)/(2/20)?
5, 7
Let w(j) = j + 1. Let u be w(2). Let c = 76 + -74. Suppose -3*v - 2*x = -81, 0 = -c*x + u + 3. What are the prime factors of v?
5
Let b(j) = j**3 - 5*j**2 + 4*j - 6. Let l be b(4). Let u(p) = -12*p + 21. List the prime factors of u(l).
3, 31
List the prime factors of 30/20 + (-2)/(-4) + 189.
191
Suppose -2*j - 2*j + 28 = 4*o, 3*j - 23 = -4*o. Suppose -2*z + 88 = 2*z - j*a, -2*a + 8 = 0. List the prime factors of z.
3
Let y(t) = -t**2 + 33*t - 24. Let w = -56 + 79. List the prime factors of y(w).
2, 103
Suppose -4*c + 13 = -2*z + 209, -2*c = -2. Suppose t - 5*u = 74, z - 30 = t - 3*u. What are the prime factors of t?
2
Suppose 0 = -11*c + 2037 + 5223. Suppose -413 = -3*j - a, 4*a + 0*a = 5*j - c. List the prime factors of j.
2, 17
Let f(y) = -17*y + 2875. What are the prime factors of f(0)?
5, 23
Let y(c) = c**2 - 11*c + 12. Let v be y(11). Let b(t) = 2*t - 18. List the prime factors of b(v).
2, 3
Let l(i) = 7*i + 4. Let x be l(3). Suppose 30 = 3*m - 5*m. Let g = x + m. What are the prime factors of g?
2, 5
Let r(j) = j**3 - 26*j**2 + 10*j + 64. What are the prime factors of r(27)?
1063
Let h = 975 - -1555. List the prime factors of h.
2, 5, 11, 23
Let b(d) = -d**3 + 19*d**2 - 32*d - 8. List the prime factors of b(7).
2, 89
Let s = 6 + -2. Suppose s*i = -3*l + 2, 4*l = -l - 10. Suppose -i*p = -4*m + 26 + 16, -4*m + 45 = -3*p. List the prime factors of m.
3
Let g = 1084 + -558. List the prime factors of g.
2, 263
Let i(s) = -s**3 - 13 - 2*s + 4*s + 9*s**2 + 3*s. What are the prime factors of i(9)?
2
Let k(g) = 2*g**2 - 9*g - 1. Let b = 50 - 54. List the prime factors of k(b).
67
Suppose -5*r + 171 = w, 0 = r + 4*w - 49 + 11. Let p = r + -33. Suppose 0 = -f - p, 3*v + 5*f - 18 - 76 = 0. List the prime factors of v.
3, 11
Suppose -89*r + 87*r + 4 = 0. Suppose -266 = -r*y + 118. List the prime factors of y.
2, 3
Let z(k) = -9*k**2 + 6*k + 7*k + 5*k + 2 - 24*k - 2*k**3. List the prime factors of z(-6).
2, 73
List the prime factors of ((-8)/6)/(84/(-54936)).
2, 109
Suppose 2*m - 205 - 447 = 0. Let k = m + -178. List the prime factors of k.
2, 37
Suppose 7*y - 125 = 183. Let m = y + 16. What are the prime factors of m?
2, 3, 5
Let j = 23 - -23. Let r = -40 + j. What are the prime factors of r?
2, 3
Suppose 0 = 7*a - 17 + 45. What are the prime factors of 5 - 92/(4/a)?
97
Let u = -620 + 1542. What are the prime factors of u?
2, 461
Let t(i) = -i - 3. Let w be t(-8). Let x = w - 5. Suppose 14 - 64 = -l + 4*q, x = 5*l + q - 187. What are the prime factors of l?
2, 19
Let d(m) = -m**3 + 9*m**2 - 7*m - 8. Suppose -5*r = -11 + 6. Suppose -3*p + 4*y = -2 + r, 4*p + 3*y = 43. List the prime factors of d(p).
41
Let q(y) = y**2 - 4*y + 8. Let n(b) = -b**3 + 2*b**2 + 2. Let h be n(4). Let v be 6/(-4) - h/4. What are the prime factors of q(v)?
2, 5
Let c = 34 - 91. Let f = c + 120. List the prime factors of f.
3, 7
Suppose -16*f + 19*f = 6. Suppose b - f = 3. Suppose j - b = 9. What are the prime factors of j?
2, 7
Suppose 2*c = -5*t, -3*t - 2*t - c - 5 = 0. Let r = 2 - t. Suppose -d = -r*d + 72. What are the prime factors of d?
2, 3
Let a = -7167 + 10808. List the prime factors of a.
11, 331
Suppose -3*t - b = -2404, -t + 5*b = -2*t + 792. What are the prime factors of t?
2, 401
Let z = -12 + 42. Suppose -3*j - 3*d + 6 = -z, 2*j + d = 28. What are the prime factors of j?
2
Suppose 0 = 4*y + 2*f - 1188, y - f - 148 = 155. What are the prime factors of y?
13, 23
Let j be (-6 - -2) + 6 - -2. Suppose j*b + 4*b = 424. List the prime factors of b.
53
Let r be (3/1)/(2/(-6)). Let o(m) = m**2 + 9*m + 4. Let y be o(r). Let g(x) = 10*x + 6. What are the prime factors of g(y)?
2, 23
Suppose 8 = -o - 3*p, 4*p = 6*o - 4*o - 24. Suppose -28 = -o*m + 120. What are the prime factors of m?
37
Suppose -5*v + 9*v + 8 = 0. Let b(c) = -13*c + 0 - 2 + 0. List the prime factors of b(v).
2, 3
Suppose 4*i - 2542 = 5*n, -14*n = 2*i - 12*n - 1262. What are the prime factors of i?
3, 211
Suppose -11645 = -22*q + 5*q. What are the prime factors of q?
5, 137
Let f = 22 - 19. Suppose f*p - 5*p = -118. List the prime factors of p.
59
What are the prime factors of (-4 + (-462)/9)/(3/(-99))?
2, 11, 83
Let w(r) be the second derivative of 5*r**4/12 + r**3/3 + 3*r**2 + 4*r. What are the prime factors of w(3)?
3, 19
Suppose 4*q - 7*q = -63. What are the prime factors of 8/(-6) - (-1099)/q?
3, 17
Let o(c) be the third derivative of 0*c - 1/6*c**3 - 5*c**2 + 0 + 1/8*c**4. List the prime factors of o(3).
2
Let f be 0/(-2) + (4 - -36). Suppose 0 = -s - 2*k + f, 0 = -0*s - 4*s + 4*k + 124. List the prime factors of s.
2, 17
Let i be (-18)/3 + 5 + (-8)/(-2). Suppose -i*f + v + 208 = -v, -3*f + 223 = -5*v. What are the prime factors of f?
2, 3, 11
Let l(r) = -35*r**2 - 7*r + 10. Let o(n) = 12*n**2 + 2*n - 3. Let v(g) = 2*l(g) + 7*o(g). Let c = 440 - 441. What are the prime factors of v(c)?
13
Let z be 5/((-75)/230) - 4/(-3). List the prime factors of (139/5 + -3)*(-35)/z.
2, 31
Suppose 3*f + 2*n - 6*n - 53 = 0, 5*n = 5. Suppose 21*x - f*x = 130. List the prime factors of x.
5, 13
List the prime factors of 6/(-51) + 33880/136.
3, 83
Let y(a) = -a + 15. Let x be 3/2*(-26)/(-3). Let m be y(x). List the prime factors of 2/(3*m/12).